/2 + (t - 1484/(-8))?
7
Let k be (0 - -2) + -2 + 5. Suppose 5*a + 95 = k*s, 1 + 2 = 2*s + 5*a. Let y = s - 9. What is the units digit of y?
5
Let b = -8 - -8. Let w be b/((3 - 11)/(-4)). Suppose -10*d + 8*d + 12 = w. What is the units digit of d?
6
Let j(f) be the third derivative of 11*f**4/24 + 37*f**3/6 - 16*f**2. What is the tens digit of j(14)?
9
What is the units digit of -2 - (230 + -6)/(-2) - -6?
6
Let m = -46 + 103. Let r(n) = -n**2 - 26*n - 25. Let p be r(-24). Let t = m - p. What is the units digit of t?
4
Let h(x) = -14*x**2 - 15*x**2 - 13 - 6*x + 25*x**2 - 2*x**3. What is the tens digit of h(-4)?
7
Let o = 13 + -12. Let t be -2 + -2*(2 - o). What is the tens digit of 8 - (0 - (-12)/t)?
1
Suppose 2*i = x + 21, 13 = 4*i + 1. What is the tens digit of 10/(-25) + (-276)/x?
1
Suppose 80 = 3*r - 2*y, -4*y = r - 2*r + 10. What is the units digit of r/70 - (-102)/7?
5
What is the units digit of (-336)/168*(-1 + 4282/(-4))?
3
Let q(l) = -10*l**3 + 2*l**2 + l - 2. Let g be q(1). Let z be (-1)/(-1 - g/12). Suppose -z*c - 26 = -210. What is the tens digit of c?
4
What is the hundreds digit of 125 - 3/((-15)/(-25))?
1
Suppose -3*z + 6*z = -4*q - 35, -q + 4*z - 4 = 0. Let i be (-4)/(-6) - q/6. What is the units digit of 2 + (38/i - 0)?
1
Let f(o) = 119*o**2 - 10*o + 10. What is the hundreds digit of f(1)?
1
What is the tens digit of (-11 - 1407/(-126)) + 34918/12?
1
Suppose a - 506 = 55. Suppose a - 6 = 5*v. What is the units digit of v?
1
What is the units digit of 4*(-4 - (-220)/8)?
4
Suppose 0 = -2*m + 546 + 576. What is the tens digit of m?
6
Let w = 542 - 431. What is the units digit of w?
1
Suppose -5*k + 95 = 5*o, -4*k + 3*o = -2*o - 40. Let h be (-5 - (-1 + -3 + 2)) + 7. What is the units digit of h/10 - (-804)/k?
4
Suppose 0 = -2*r - 3*b + 3 + 3, -8 = -5*r - 4*b. Suppose 3*v - 4*i + 18 = -i, 3*v - 5*i + 24 = r. What is the units digit of 3 + 1 + v + 20?
1
Let v(x) = -9*x - 2. Let i be v(-3). Let p = i + 41. What is the units digit of p?
6
Suppose -37 = -2*g - 3*r, 2*g - 3*r - 33 = -2*r. What is the units digit of g?
7
Let g be 1/(1/(1 + 0) + 0). Suppose 24 = 4*w + 2*v, w = -5*v - 0 + 15. Suppose n - 2*a - 9 - g = 0, -w*a - 55 = -5*n. What is the units digit of n?
2
Let w(q) = 4*q**3 - q. Let a be w(-1). What is the hundreds digit of -45*(a + (1 - 1))?
1
Let u(f) = f**3 + 12*f**2 + 18*f + 12. What is the units digit of u(-10)?
2
Suppose -2*k = -5*k - 2*y, -4*k + 2*y + 14 = 0. Let h be (-189)/14*(k + -4). Let n = h + -5. What is the units digit of n?
2
Let j = -29 - -17. Let u be (-8)/j*3 - 45. Let d = -8 - u. What is the tens digit of d?
3
Suppose -96*d + 2068 = -93*d + 5*r, 3*d - 2062 = -2*r. What is the units digit of d?
6
Suppose 2*j + 5*t - 3 = j, -5*t = -5*j - 75. Let i = j + 10. Let s = 13 + i. What is the units digit of s?
1
What is the tens digit of (-534*12/(-36))/((-1)/(-26))?
2
Suppose 0 = -3*y + c - 129, 2*y + c + 3*c + 86 = 0. Let v = 3 - y. What is the units digit of v?
6
Let z = -12 - -14. Let s be 24 + -1 + z/2. What is the units digit of (972/s)/((-3)/(-4))?
4
Let a be 4 + (-1)/2*-2. Suppose -a*z = -3*x - 29, z + x - 13 = 4*x. What is the units digit of 25 + -1 + (1 - z)?
1
Suppose -437*m = -489*m + 300196. What is the hundreds digit of m?
7
Suppose 5*y = y. Suppose -2*i + 5 = t, 5*i - 10 = -y*i - 5*t. Suppose o - i*o = 2*n - 10, n - 1 = -2*o. What is the units digit of n?
9
Suppose k - 4 = -2. Let s be 10/5*k/(-4). Let r(p) = 3*p**2 + 2*p + 1. What is the units digit of r(s)?
2
Let z(v) = -2*v**3 - 9*v**2 + 16*v + 16. What is the hundreds digit of z(-9)?
6
Suppose 13 = 3*z + 1. What is the units digit of z - (-4 + 4) - -1?
5
Let s = -22 - -19. Let p be 21*s*(-4)/(-18). Let z = p - -15. What is the units digit of z?
1
Let c be (-4)/10 - (-2)/5. Let t(b) = -2*b**2 + 5*b + 5. Let v be t(5). What is the units digit of (c - v)*(13 + -12)?
0
Let f(q) = -9*q - 31. Let i be f(-3). What is the tens digit of 349 - (-5)/(-9 - i)?
4
Suppose u - 3*u + 4*n + 2256 = 0, 5 = n. What is the hundreds digit of u?
1
Suppose -16 = 3*p - 2*z, -3*p - 21 = 4*z - z. Let j(m) = -3*m**2 + 106*m - 37. Let x be j(35). What is the tens digit of p/x*46/3?
4
Let g = 4351 + -2598. What is the units digit of g?
3
Let a(l) = l**2 - 2*l - 51. What is the units digit of a(-14)?
3
Let b(s) = -7*s + 35. Let v be b(5). Suppose v = 3*c - 556 - 203. What is the hundreds digit of c?
2
Let p be 1/6 + 308/24. Let h = p + -9. What is the units digit of h?
4
Suppose 4*o + 1013 = 2*b - 473, -761 = -b - 4*o. What is the tens digit of b?
4
Let s = -42 + 176. Let a = s + -74. What is the units digit of a?
0
Let n = 180 + 1114. What is the thousands digit of n?
1
Let u(i) = -i. Let j(s) = -4*s - 17. Let n be (1 - -2)/(-6)*-6. Let a(t) = n*u(t) - j(t). What is the units digit of a(-12)?
5
Let k be 1*(0/2)/4. Suppose k = 5*w - 35 - 5. What is the units digit of w?
8
Suppose -5*q - 435 = -0*h - 2*h, -4*q - 20 = 0. Suppose -c + h = 5*d, 442 = -0*c + 2*c + 2*d. What is the hundreds digit of c?
2
Suppose 3*p = 5*p + 5*r - 38, -2*r - 8 = 0. Suppose -2 - p = -v. Let d = v + -2. What is the tens digit of d?
2
Suppose 120 = 23*u - 19*u. What is the units digit of u/(-4)*(-30)/9?
5
Suppose -4 = -2*w, 4*r - r = w + 7. Suppose -376 = -r*n - 124. What is the units digit of n?
4
Let d(w) = -4*w**2 - 6*w - 18. Let v(s) = -7*s**2 - 13*s - 37. Let i(k) = 5*d(k) - 3*v(k). What is the units digit of i(-8)?
3
Let k(w) = -157*w - 5. Let v be k(-2). Suppose 0 = -5*n + v - 969. What is the units digit of n/(-5) + (-4)/10?
6
Let k be ((-6)/15)/((-4)/(-140)). Let u be (-2 - 1) + 12 + -57. Let m = k - u. What is the tens digit of m?
3
Suppose 2*l - 5*s = 2367, 2*l - 2*s + 105 = 2469. What is the units digit of l?
1
Let y = 11 + -8. Suppose y*k + n = 8 - 36, -3*k = -2*n + 25. Let u(o) = o**2 + 8*o + 12. What is the units digit of u(k)?
1
Suppose 2*d - 1 = -5. What is the units digit of (-2)/5*50/d?
0
Suppose 3*v - 133 = -34. What is the units digit of v?
3
Let n be -2 + -3 + -1 + -3. Let r be (-8 - n)*0/1. Let g = r - -12. What is the tens digit of g?
1
Suppose 3094*l - 3105*l + 21373 = 0. What is the tens digit of l?
4
Suppose 5*h - 486 = 4*h. Suppose d + h = 7*d. What is the tens digit of d?
8
Let r = 19 + 26. Suppose -m + r = -5*d, -5*d + 55 = 3*m - 20. What is the units digit of m?
0
Let l(w) = w**3 - 4*w**2 + w - 10. Let p(g) = -g**2 - 12*g - 6. Let u be p(-11). What is the units digit of l(u)?
0
Let f = 1266 - 175. What is the thousands digit of f?
1
Let r = 1254 - 896. What is the units digit of r?
8
Let b(h) = 2442*h - 120. What is the hundreds digit of b(1)?
3
Let h be ((-8)/(-12) - 1)*6. Let d(r) = -2*r**3 - 4*r**2 - r + 3. Let p be d(h). Let s = 8 - p. What is the units digit of s?
3
Suppose -3*g = g - 16. Suppose -g*i + 15 = i. What is the units digit of i?
3
Let u be ((-16)/10)/((-5 + -3)/320). Suppose 2*w + 10 = 0, -11*n + 12*n = 5*w + u. What is the tens digit of n?
3
Suppose -3*n - 136 + 40 = 0. Let l be (-1)/4 + 24/n. What is the tens digit of (3/l)/(3/(-33))?
3
Suppose -132 = -4*g + 480. Suppose -5*p + g = -182. What is the units digit of p?
7
Let u = 25 + -27. Let v be 0 - 0 - (u - 54). Suppose -2*f + 124 = 4*c, -2*f + 54 + v = -3*c. What is the tens digit of f?
5
What is the tens digit of (-2)/(-12)*5088/16?
5
Suppose 5*x - 3*u - 6 = 0, u = 4*x - 9*x - 2. Suppose -3*g + 6 + x = 0. Suppose 4 = -2*y + y, g*k - 26 = -4*y. What is the units digit of k?
1
Let o = -87 - -90. Suppose 4*x = o*c - 446, -588 = -4*c - x + 3*x. What is the tens digit of c?
4
Let g = 30 - 24. What is the units digit of ((-104)/g)/((-2)/12)?
4
Suppose -5*f = -112 - 103. Let w(d) = -8*d - 1. Let a be w(3). Let i = a + f. What is the tens digit of i?
1
Suppose -5*l + 28 = 8. Suppose l*t - 72 = -s, t + 4*t = 4*s + 90. What is the units digit of t?
8
Suppose m + 2*i - 1 = 0, -6*i = 5*m - 3*i - 19. Let a be 9 + -6 - m/1. What is the units digit of (-10)/15*(-59 - a)?
8
Suppose -26*x + 29*x = -3*b + 10743, 0 = b - x - 3573. What is the units digit of b?
7
Suppose 73 - 43 = -z. What is the hundreds digit of (76/5)/((-4)/z)?
1
Suppose 19*i - 48986 - 19528 = 0. What is the tens digit of i?
0
Suppose 3*p = -3*a + 48, 2*a - a - 24 = -5*p. Suppose a = m + 11. Suppose -m*n + 21 + 44 = -4*i, -90 = -4*n + 2*i. What is 